{"id":592,"date":"2015-10-07T17:41:23","date_gmt":"2015-10-07T17:41:23","guid":{"rendered":"https:\/\/vivabasquet.com\/tienda\/?page_id=592"},"modified":"2020-10-04T11:54:38","modified_gmt":"2020-10-04T16:54:38","slug":"pagos","status":"publish","type":"page","link":"https:\/\/vivabasquet.com\/tienda\/pagos\/","title":{"rendered":"Pagos"},"content":{"rendered":"<div class=\"wpb-content-wrapper\"><p>[vc_row][vc_column][vc_column_text]<\/p>\n<h2 style=\"text-align: justify;\"><span style=\"color: #000000;\"><strong>Pagos<\/strong><\/span><\/h2>\n<h3 style=\"text-align: left;\">\u00bfCu\u00e1les son los m\u00e9todos de pago disponibles?<\/h3>\n<p style=\"text-align: justify;\">En vivabasquet.com\/tienda aceptamos las siguientes formas de pago:<\/p>\n<h4 style=\"text-align: left;\">PayPal<\/h4>\n<p style=\"text-align: justify;\">PayPal es un sistema de pago f\u00e1cil y seguro, que se utiliza en millones de tiendas en l\u00ednea con solo proporcionar tu correo electr\u00f3nico y contrase\u00f1a. En PayPal no se comparte tu informaci\u00f3n financiera. El sistema acepta pagos con tarjetas de cr\u00e9dito Visa, MasterCard y American Express y de d\u00e9bito Bancomer, Banamex, Banorte, Banco Azteca, HSBC, Inbursa y Santander.<\/p>\n<h4 style=\"text-align: left;\">Pago con Tarjeta de Cr\u00e9dito.<\/h4>\n<p style=\"text-align: justify;\">Puedes pagar con Visa, Master Card, American Express y Tarjeta Discovery. Los datos de tu tarjeta son confidenciales y est\u00e1n seguros.<\/p>\n<h4 style=\"text-align: left;\">Pago en Efectivo<\/h4>\n<p style=\"text-align: justify;\">Puedes hacer tus\u00a0pagos con efectivo en cualquiera de las siguientes tiendas de autoservicio, Oxxo, Seven Eleven, Extra, Farmacias Benavides o Farmacias Esquivar.<\/p>\n<p style=\"text-align: justify;\">Una ves realizado el pedido, te\u00a0saldr\u00e1 una notificaci\u00f3n, misma que se mandara por mail, donde viene el numero de referencia del pago para que lo puedas hacer en donde te acomode. Una ves realizado dicho pago, solo tienes que enviar el comprobante del pago a <a href=\"mailto:contacto@vivabasquet.com\">contacto@vivabasquet.com<\/a><\/p>\n<h4 style=\"text-align: left;\">Transferencia Bancaria.<\/h4>\n<p style=\"text-align: justify;\">Realiza tu pago\u00a0con un deposito en cualquier\u00a0sucursal\u00a0o v\u00eda transferencia interbancaria.<\/p>\n<h3 style=\"text-align: left;\">\u00bfC\u00f3mo s\u00e9 que mi pedido fue aprobado?<\/h3>\n<p style=\"text-align: justify;\">Va a recibir un e-mail de confirmaci\u00f3n del pago. En caso que no recibas dicha confirmaci\u00f3n, puedes acompa\u00f1ar tu compra haciendo clic en \u201cMis pedidos\u201d que est\u00e1 en la parte superior derecha del sitio y despu\u00e9s ingresar el e-mail que registrado y contrase\u00f1a. En este apartado puedes dar seguimiento a tu (s) pedido (s) adem\u00e1s de revisar el hist\u00f3rico de todas las compras realizada.<\/p>\n<h3 style=\"text-align: left;\">\u00bfC\u00f3mo funciona el proceso de aprobaci\u00f3n para los pedidos?<\/h3>\n<p style=\"text-align: justify;\">Para tu seguridad, se realiza un an\u00e1lisis minucioso de todos los pedidos recibidos, as\u00ed te garantizamos una entrega que alcance tus expectativas.<\/p>\n<p style=\"text-align: justify;\">Si hay alguna informaci\u00f3n que necesitemos para complementar la aprobaci\u00f3n de tu pedido nuestro departamento de Servicio al Cliente se comunicar\u00e1 contigo por tel\u00e9fono: 56512166 o correo electr\u00f3nico: contacto@vivabasquet.com<\/p>\n<h3 style=\"text-align: left;\">He recibido un correo electr\u00f3nico diciendo que mi pedido est\u00e1 pendiente. \u00bfQu\u00e9 pasa si mi pago no es aprobado?<\/h3>\n<p style=\"text-align: justify;\">En este caso, consulta con tu banco para saber cu\u00e1l es el motivo que impide el pago. Despu\u00e9s, por favor ponte en contacto con nuestro servicio al cliente, tel\u00e9fono\u00a0 5651-2166 y resolveremos cualquier problema para llevarte el deporte.<\/p>\n<h3 style=\"text-align: left;\">\u00bfC\u00f3mo puedo solicitar un duplicado de la factura?<\/h3>\n<p style=\"text-align: justify;\">Para solicitar un duplicado de la factura, por favor enviar un correo electr\u00f3nico a contacto@vivabasquet.com o marca a nuestro Centro de atenci\u00f3n para que podamos reenvi\u00e1rtela 5651-2166. Es importante que hayas ingresado los datos fiscales de no hacerlo tu factura ser\u00e1 gen\u00e9rica.<\/p>\n<p>[\/vc_column_text][\/vc_column][\/vc_row]<\/p>\n<\/div>","protected":false},"excerpt":{"rendered":"<p>[vc_row][vc_column][vc_column_text] Pagos \u00bfCu\u00e1les son los m\u00e9todos de pago disponibles? En vivabasquet.com\/tienda aceptamos las siguientes formas de pago: PayPal PayPal es un sistema de pago f\u00e1cil y seguro, que se utiliza en millones de tiendas en l\u00ednea con solo proporcionar tu &hellip; <a href=\"https:\/\/vivabasquet.com\/tienda\/pagos\/\">Readmore<\/a><\/p>\n","protected":false},"author":1,"featured_media":0,"parent":0,"menu_order":0,"comment_status":"closed","ping_status":"closed","template":"","meta":{"pmpro_default_level":0,"footnotes":""},"aioseo_notices":[],"_links":{"self":[{"href":"https:\/\/vivabasquet.com\/tienda\/wp-json\/wp\/v2\/pages\/592"}],"collection":[{"href":"https:\/\/vivabasquet.com\/tienda\/wp-json\/wp\/v2\/pages"}],"about":[{"href":"https:\/\/vivabasquet.com\/tienda\/wp-json\/wp\/v2\/types\/page"}],"author":[{"embeddable":true,"href":"https:\/\/vivabasquet.com\/tienda\/wp-json\/wp\/v2\/users\/1"}],"replies":[{"embeddable":true,"href":"https:\/\/vivabasquet.com\/tienda\/wp-json\/wp\/v2\/comments?post=592"}],"version-history":[{"count":3,"href":"https:\/\/vivabasquet.com\/tienda\/wp-json\/wp\/v2\/pages\/592\/revisions"}],"predecessor-version":[{"id":7045,"href":"https:\/\/vivabasquet.com\/tienda\/wp-json\/wp\/v2\/pages\/592\/revisions\/7045"}],"wp:attachment":[{"href":"https:\/\/vivabasquet.com\/tienda\/wp-json\/wp\/v2\/media?parent=592"}],"curies":[{"name":"wp","href":"https:\/\/api.w.org\/{rel}","templated":true}]}}