{"id":1653,"date":"2017-03-23T18:02:18","date_gmt":"2017-03-24T00:02:18","guid":{"rendered":"https:\/\/vivabasquet.com\/tienda\/?post_type=product&#038;p=1653"},"modified":"2020-11-22T00:00:34","modified_gmt":"2020-11-22T06:00:34","slug":"red-de-basquet","status":"publish","type":"product","link":"https:\/\/vivabasquet.com\/tienda\/product\/red-de-basquet\/","title":{"rendered":"Red de b\u00e1squet"},"content":{"rendered":"<ul>\n<li>Paquete con dos redes para basquetbol<\/li>\n<li>Color azul blanco y rojo<\/li>\n<li><span class=\"a-list-item\">Dimensiones est\u00e1ndar <\/span><\/li>\n<li><span class=\"a-list-item\">Cord\u00f3n 6 mil\u00edmetros <\/span><\/li>\n<\/ul>\n","protected":false},"excerpt":{"rendered":"<p>Paquete con dos redes para basquetbol Color azul blanco y rojo Dimensiones est\u00e1ndar Cord\u00f3n 6 mil\u00edmetros<\/p>\n","protected":false},"featured_media":1649,"comment_status":"open","ping_status":"closed","template":"","meta":{"pmpro_default_level":0},"product_cat":[114,211,212,136],"product_tag":[],"aioseo_notices":[],"_links":{"self":[{"href":"https:\/\/vivabasquet.com\/tienda\/wp-json\/wp\/v2\/product\/1653"}],"collection":[{"href":"https:\/\/vivabasquet.com\/tienda\/wp-json\/wp\/v2\/product"}],"about":[{"href":"https:\/\/vivabasquet.com\/tienda\/wp-json\/wp\/v2\/types\/product"}],"replies":[{"embeddable":true,"href":"https:\/\/vivabasquet.com\/tienda\/wp-json\/wp\/v2\/comments?post=1653"}],"wp:featuredmedia":[{"embeddable":true,"href":"https:\/\/vivabasquet.com\/tienda\/wp-json\/wp\/v2\/media\/1649"}],"wp:attachment":[{"href":"https:\/\/vivabasquet.com\/tienda\/wp-json\/wp\/v2\/media?parent=1653"}],"wp:term":[{"taxonomy":"product_cat","embeddable":true,"href":"https:\/\/vivabasquet.com\/tienda\/wp-json\/wp\/v2\/product_cat?post=1653"},{"taxonomy":"product_tag","embeddable":true,"href":"https:\/\/vivabasquet.com\/tienda\/wp-json\/wp\/v2\/product_tag?post=1653"}],"curies":[{"name":"wp","href":"https:\/\/api.w.org\/{rel}","templated":true}]}}