{"id":6583,"date":"2020-09-29T23:59:26","date_gmt":"2020-09-30T04:59:26","guid":{"rendered":"https:\/\/vivabasquet.com\/tienda\/test\/?post_type=product&#038;p=6583"},"modified":"2024-07-07T11:30:01","modified_gmt":"2024-07-07T16:30:01","slug":"playera-kobe-bryant-edicion-especial","status":"publish","type":"product","link":"https:\/\/vivabasquet.com\/tienda\/product\/playera-kobe-bryant-edicion-especial\/","title":{"rendered":"Playera Kobe Bryant Edici\u00f3n Especial"},"content":{"rendered":"<p>Playera para hombre color amarillo con dise\u00f1o de la revista Viva Basquet, edici\u00f3n especial de Kobe Bryant<br \/>\n50% poli\u00e9ster 50% algod\u00f3n.<\/p>\n","protected":false},"excerpt":{"rendered":"<p>Playera para hombre color amarillo con dise\u00f1o de la revista Viva Basquet, edici\u00f3n especial de Kobe Bryant. 50% poli\u00e9ster 50% algod\u00f3n<\/p>\n","protected":false},"featured_media":6587,"comment_status":"open","ping_status":"closed","template":"","meta":{"pmpro_default_level":0},"product_cat":[258,274,134,250,126,272,141,127],"product_tag":[],"aioseo_notices":[],"_links":{"self":[{"href":"https:\/\/vivabasquet.com\/tienda\/wp-json\/wp\/v2\/product\/6583"}],"collection":[{"href":"https:\/\/vivabasquet.com\/tienda\/wp-json\/wp\/v2\/product"}],"about":[{"href":"https:\/\/vivabasquet.com\/tienda\/wp-json\/wp\/v2\/types\/product"}],"replies":[{"embeddable":true,"href":"https:\/\/vivabasquet.com\/tienda\/wp-json\/wp\/v2\/comments?post=6583"}],"wp:featuredmedia":[{"embeddable":true,"href":"https:\/\/vivabasquet.com\/tienda\/wp-json\/wp\/v2\/media\/6587"}],"wp:attachment":[{"href":"https:\/\/vivabasquet.com\/tienda\/wp-json\/wp\/v2\/media?parent=6583"}],"wp:term":[{"taxonomy":"product_cat","embeddable":true,"href":"https:\/\/vivabasquet.com\/tienda\/wp-json\/wp\/v2\/product_cat?post=6583"},{"taxonomy":"product_tag","embeddable":true,"href":"https:\/\/vivabasquet.com\/tienda\/wp-json\/wp\/v2\/product_tag?post=6583"}],"curies":[{"name":"wp","href":"https:\/\/api.w.org\/{rel}","templated":true}]}}